4).
99
Let q(w) = -21*w**2 - 379*w + 547. What is q(-20)?
-273
Let i(w) = 107*w - 8458. Determine i(80).
102
Let b(m) = 5*m**2 - 15959*m + 630373. Determine b(40).
13
Let y(j) = j**3 + 171*j**2 + 480*j - 4684. Give y(-7).
-8
Let t(d) = 61*d - 4828. Give t(77).
-131
Let q(v) = -2327*v + 2117549. Give q(910).
-21
Let t(r) = -38*r**2 - 79*r + 134. Calculate t(2).
-176
Let m(c) = 29175*c - 87366. Calculate m(3).
159
Let o(c) = -1478*c - 8449. Determine o(-6).
419
Let d(g) = 6*g**2 + g + 590. Calculate d(0).
590
Let r(a) = -7430*a - 1478548. Give r(-199).
22
Let t(h) = 72640*h + 290571. Calculate t(-4).
11
Let v(f) = -549*f + 2210. Determine v(4).
14
Let f(a) = -68*a**3 + 478*a**2 + 16*a - 194. What is f(7)?
16
Let y(w) = -431*w**2 + 21*w + 14. Give y(-1).
-438
Let f(t) = 84*t**2 + 569*t - 184. What is f(-5)?
-929
Let p(r) = -2019*r + 1179093. Calculate p(584).
-3
Let y(f) = -f**3 + 6*f**2 + 3166*f - 22167. What is y(7)?
-54
Let m(r) = -r**2 - 336*r + 10038. Calculate m(28).
-154
Let h(z) = z**3 - 51*z**2 + 153*z + 129. Determine h(48).
561
Let c(l) = -l**3 - 125*l**2 + 245*l - 823. What is c(-127)?
320
Let m(t) = 6*t**2 + 267*t + 878. Calculate m(-41).
17
Let i(w) = 4*w**3 + 6*w**2 + 1516*w + 5998. What is i(-4)?
-226
Let t(w) = -w**3 - 41*w**2 - 121*w - 52. What is t(-38)?
214
Let p(d) = 303567*d - 1821418. Determine p(6).
-16
Let r(q) = q**3 + 27*q**2 - 1147*q + 39. Give r(-50).
-111
Let f(c) = -c**3 - 1135*c - 11. Determine f(0).
-11
Let c(j) = -33707*j - 370779. Determine c(-11).
-2
Let s(p) = -11752*p + 250. What is s(0)?
250
Let q(d) = -112*d**3 + 7*d**2 + 95*d + 158. Calculate q(-2).
892
Let n(k) = -k**3 + 13*k**2 - 117*k + 180. Give n(6).
-270
Let y(s) = 12596*s + 50409. What is y(-4)?
25
Let w(i) = -87*i**2 - 18461*i - 3588. Calculate w(-212).
16
Let m(f) = -29925*f - 4817933. Give m(-161).
-8
Let n(d) = 5*d**2 - 209*d - 80892. Calculate n(-108).
0
Let t(q) = 33*q**3 + 562*q**2 + 20*q - 19. Calculate t(-17).
-70
Let t(c) = -2117*c - 95306. Determine t(-45).
-41
Let w(m) = 19*m**2 + 6219*m - 12507. What is w(2)?
7
Let p(u) = -28*u**2 - 630*u + 5290. What is p(-29)?
12
Let l(t) = -22*t**3 + 310*t**2 - 43*t + 206. Give l(14).
-4
Let x(d) = -381*d**2 + 6505*d - 442. What is x(17)?
34
Let y(p) = 2*p**2 - 22929*p - 1267145. Determine y(-55).
0
Let x(h) = -h**3 - 224*h**2 + 4094*h - 66. Give x(17).
-117
Let g(w) = 4*w**2 - 424*w + 10285. Determine g(26).
1965
Let i(k) = 5016*k + 29724. Calculate i(-6).
-372
Let t(x) = 3*x**2 + 1063*x - 38308. What is t(33)?
38
Let a(r) = -56*r**2 - 1928*r + 16245. Calculate a(7).
5
Let h(p) = -168*p + 16062. Give h(95).
102
Let w(d) = -2*d**2 + 72*d + 764. What is w(-9)?
-46
Let j(l) = 3300*l + 85779. Determine j(-26).
-21
Let i(h) = -h**3 - 110*h**2 - 364*h - 3828. Determine i(-107).
773
Let d(m) = 8945*m - 1216554. What is d(136)?
-34
Let v(j) = j**3 + 50*j**2 - 17596*j + 697. Determine v(-160).
57
Let h(m) = -508*m**3 + 17273*m**2 - 34*m + 20. Give h(34).
20
Let x(j) = -j**3 - 142*j**2 - 249*j + 4346. Give x(-140).
6
Let c(b) = 5217*b - 31307. Determine c(6).
-5
Let p(t) = -3*t**3 + 29*t**2 + 4073*t - 40634. What is p(10)?
-4
Let t(w) = -231*w - 27040. Determine t(-117).
-13
Let u(z) = -178*z + 1276. Determine u(-1).
1454
Let i(l) = -l**3 - 148*l**2 - 1866*l + 17150. Determine i(-133).
-7
Let u(y) = 18*y**2 + 4067*y + 32472. Determine u(-8).
1088
Let h(f) = 2975*f + 41222. Determine h(-14).
-428
Let a(w) = 8231*w + 2189413. Determine a(-266).
-33
Let j(q) = -456*q - 16517. What is j(-35)?
-557
Let o(d) = 13750*d + 1883755. Determine o(-137).
5
Let m(p) = 2*p**3 + 54*p**2 + 9127*p + 257123. Determine m(-28).
-1
Let b(k) = 10701*k + 116523. Calculate b(-11).
-1188
Let j(b) = -b**3 + 107*b**2 - 432*b + 33929. Determine j(106).
-627
Let o(j) = 175270*j - 1927969. Calculate o(11).
1
Let y(i) = -5*i**2 - 1029*i + 35373. Calculate y(30).
3
Let h(a) = -4*a**3 + 402*a**2 + 220*a - 1839. Determine h(101).
-21
Let h(f) = -30*f**2 + 14847*f + 1486. Give h(495).
1
Let c(x) = -16*x**2 + 1136*x - 481. Determine c(70).
639
Let r(j) = j**3 - 156*j**2 - 170*j + 2032. Calculate r(157).
-9
Let m(g) = 15874*g - 94856. What is m(6)?
388
Let s(g) = 3*g**3 - 12*g**2 - 95*g - 330. Give s(-4).
-334
Let l(u) = 2796*u + 8380. Determine l(-3).
-8
Let q(t) = t**3 + 6*t**2 - 19170*t - 134175. Determine q(-7).
-34
Let z(w) = 217*w - 1091. Give z(5).
-6
Let b(j) = -3642*j - 32. Calculate b(0).
-32
Let x(s) = s**3 - 41*s**2 - 668*s + 16. Calculate x(53).
-1680
Let d(x) = 311*x**2 + 62238*x + 7572. What is d(-200)?
-28
Let p(t) = -989*t + 8867. Give p(9).
-34
Let f(x) = -x**3 + 57*x**2 - 318*x + 18901. Calculate f(57).
775
Let o(a) = -625*a + 11102. Calculate o(18).
-148
Let f(p) = 1612*p + 124119. Calculate f(-77).
-5
Let f(r) = 45*r**3 - 115*r**2 + 50*r - 3. Determine f(2).
-3
Let v(k) = -1353*k**2 - 2959*k + 2. Calculate v(-2).
508
Let q(z) = -5317*z**2 - 37136*z + 8. Calculate q(-7).
-573
Let y(x) = 57*x**2 + 14523*x - 3058. Calculate y(-255).
2
Let n(u) = -2*u**3 - 407*u**2 - 58*u + 29490. Give n(-203).
55
Let v(o) = 55*o**2 + 152*o + 60. Give v(-3).
99
Let d(k) = k**2 - 198*k - 68048. Determine d(378).
-8
Let x(u) = -141*u**2 - 703*u - 18. Give x(-6).
-876
Let z(t) = -3*t**3 - 74*t**2 - 441*t + 307. Calculate z(-15).
397
Let t(s) = s**2 - 3*s - 4672. Give t(-70).
438
Let y(i) = -i**2 + 1303*i - 231257. Give y(1091).
35
Let y(b) = b**3 + 35*b**2 + 446*b + 3359. What is y(-21)?
167
Let x(t) = 1865407*t - 3730827. Calculate x(2).
-13
Let r(k) = -k**3 - 19*k**2 - 2984*k - 59965. What is r(-20)?
115
Let s(z) = -26*z**2 + 118*z + 575. What is s(-5)?
-665
Let i(v) = v**3 + 12*v**2 + 188*v + 2216. What is i(-11)?
269
Let n(f) = -2*f**3 + 692*f**2 - 2728*f - 2728. Give n(342).
8
Let s(x) = -15*x**2 - 518*x + 715. Determine s(-36).
-77
Let x(z) = -64285*z + 3085799. Determine x(48).
119
Let j(k) = 11148*k - 423636. Give j(38).
-12
Let b(r) = -r**3 - 18*r**2 - 45*r + 32. Determine b(-4).
-12
Let n(p) = -360*p**2 - 643*p - 164. Give n(-3).
-1475
Let c(q) = -q**3 + 7*q**2 - 12658*q - 2. What is c(0)?
-2
Let i(p) = 524*p**2 - 1444*p - 2598. Calculate i(4).
10
Let v(l) = -1721*l**2 + 12051*l - 33. Calculate v(7).
-5
Let y(w) = -2*w**2 + 170*w + 65. What is y(82)?
557
Let k(s) = -2*s**3 + 38*s**2 + 55*s - 250. Calculate k(20).
50
Let h(m) = m**3 - 70*m**2 + 386*m - 288. Give h(64).
-160
Let p(m) = 58*m**3 - 3248*m**2 + 37*m - 2067. Determine p(56).
5
Let a(i) = -1209*i - 166855. Calculate a(-138).
-13
Let a(f) = f**3 - 35*f**2 - 876*f + 148. Calculate a(-17).
12
Let k(i) = 314*i + 18885. Determine k(-59).
359
Let k(p) = 5*p**3 - 40*p**2 + 129*p - 746. Determine k(7).
-88
Let i(f) = -61750*f + 432249. Determine i(7).
-1
Let d(v) = -348*v**2 + 725*v - 9. What is d(2)?
49
Let m(s) = -263*s - 2824. Determine m(-10).
-194
Let h(w) = -4*w**2 - 195*w - 587. Determine h(-43).
402
Let a(k) = -k**3 - 153*k**2 + 360*k + 7415. Calculate a(8).
-9
Let o(m) = -11*m**2 - 255*m - 37. Calculate o(-24).
-253
Let s(v) = 2*v**3 + 45*v**2 - 181*v + 14. Calculate s(-26).
-12
Let c(i) = 52443*i + 7814017. Calculate c(-149).
10
Let b(p) = -49543*p + 1436769. Determine b(29).
22
Let j(l) = 6*l**3 - 162*l**2 + 335*l - 9030. Calculate j(27).
15
Let p(c) = 11*c**3 + 4*c**2 - 105*c - 450. What is p(-5)?
-1200
Let r(h) = h**2 - 315*h + 16566. What is r(67)?
-50
Let t(z) = -201556*z - 3628003. What is t(-18)?
5
Let r(i) = i**2 + 927*i - 57141. Give r(58).
-11
Let j(x) = -369*x + 43579. What is j(118)?
37
Let q(f) = -16*f**2 - 1258*f + 979. Calculate q(-79).
505
Let n(l) = -l**2 - 92*l + 2042. Give n(21).
-331
Let t(r) = -21460*r - 63755. Determine t(-3).
625
Let c(f) = -2*f**3 + 2*f**2 - 204*f - 70. Determine c(0).
-70
Let b(p) = -5*p**2 + 2355*p - 171500. Determine b(381).
-50
Let d(z) = z**2 + 118*z - 1409. Determine d(11).
10
Let i(q) = -q**2 + 2964*q + 80757. Determine i(-27).
0
Let s(t) = -104*t**2 - 7715*t - 1403. Calculate s(-74).
3
Let q(p) = -17*p**3 + 170*p**2 - 540*p + 5360. Give q(10).
-40
Let d(v) = -v**2 + 276*v + 5007. What is d(-19)?
-598
Let h(p) = -8350*p + 33397. Calculate h(4).
-3
Let g(k) = 7112*k - 7005345. Calculate g(985).
-25
Let x(b) = 11240*b + 337410. What is x(-30)?
210
Let q(y) = -y**2 - 975*y + 152364. Give q(137).
20
Let g(h) = h**3 - 1512*h**2 + 4